est common divisor of 112 and w?
16
Let u(f) = 8*f**2 - 2*f. Let s be (2/3)/(-2)*2*3. Let r be u(s). What is the greatest common factor of 24 and r?
12
Let h be (-9)/(6*9/(-3150)). What is the greatest common factor of 375 and h?
75
Let g be (2/(-6) - -1)*81. Suppose 0*q = -i - 3*q + 15, 95 = 3*i - q. Suppose s = 3*f, -5*f + 2*f = 4*s - i. Calculate the highest common divisor of g and s.
6
Suppose 5*z + 3*v + 0*v = 0, 4*z + 3*v + 3 = 0. Suppose 0*h - z*h + 54 = 0. Let i be h/(-117) - (-2186)/13. What is the greatest common factor of 24 and i?
24
Let t = 9 - 7. Suppose 0 = 6*j + t*j - 8. Let q be 25 + (3/j - 3). What is the highest common factor of 50 and q?
25
Suppose -h + 2*d + 454 = 0, -3*h + 115*d = 110*d - 1363. Calculate the highest common factor of h and 24.
24
Let t(w) be the first derivative of 26*w**3/3 - w**2 - 2*w + 8. Let f be t(-1). What is the greatest common divisor of 13 and f?
13
Suppose r + 9 = s, 3*r - 37 = -160*s + 155*s. Suppose j - 5*w = 5*j - 271, 140 = 2*j + 4*w. What is the highest common divisor of s and j?
8
Suppose 8*y - 1575 = 1553. Calculate the greatest common factor of 92 and y.
23
Let j = -59 + 63. Suppose -m + 23 = -j. Calculate the highest common factor of 189 and m.
27
Let b be (2 + (-69)/12)*980/(-105). Calculate the highest common divisor of b and 1085.
35
Let y(x) = 4*x - 64. Let q be y(17). Suppose q*c = 5*s - 40 - 36, 0 = -3*s + 3*c + 48. What is the greatest common factor of 84 and s?
12
Let l(q) = 4*q - 4. Let j be l(1). Suppose -w + j + 70 = 0. What is the highest common divisor of w and 175?
35
Suppose -3*t = 15*t - 1008. Calculate the highest common factor of t and 266.
14
Let l(u) = -u**3 - 4*u**2 - 3*u - 3. Let i be l(-4). Suppose -a + i = -2. What is the greatest common factor of 11 and a?
11
Let l(n) = 2*n - 3. Let r(v) = -v. Let c(o) = -2*l(o) - 6*r(o). Let k be c(-2). Suppose -60 = k*y - 3*y. What is the greatest common divisor of 24 and y?
12
Let v = -2433 + 2466. Calculate the greatest common divisor of v and 891.
33
Let k be (8/20)/((-1)/(-10)). Let r(u) = -u**2 - 13*u - 34. Let z be r(-9). What is the greatest common divisor of z and k?
2
Suppose -5*n = -6*p + p + 28425, 5*p = 3*n + 28415. Calculate the highest common factor of p and 20.
20
Let a be (-11 + 5)/(-6) + (7 - -96). What is the highest common divisor of 195 and a?
13
Let u(f) = -6*f**3 + 4*f**2 + 8*f + 4. Let q be u(-2). Calculate the highest common divisor of 351 and q.
13
Suppose 2*f = -2*g + 5*g - 60, 0 = -5*f - 2*g - 169. Let w = 14 - 95. Let h = f - w. Calculate the greatest common factor of 12 and h.
12
Let n be 340 + (-1 + 0)/(7/(-14)). Let x(t) = t**2 + 5*t - 12. Let h be x(5). Calculate the highest common divisor of n and h.
38
Suppose 2*n - 23 = 29. Let g = -2968 + 3007. What is the highest common divisor of n and g?
13
Let n(d) = -d**3 + 4*d**2 + 7*d - 9. Let y be n(5). Let b(l) = 289*l**3 - 2*l**2 - l + 2. Let c be b(y). Calculate the highest common divisor of c and 36.
36
Suppose -185*c + 181*c = -2*i + 926, -2*i + c = -920. Calculate the greatest common factor of i and 34.
17
Suppose 53 + 52 = h. What is the highest common factor of h and 45?
15
Suppose -1829 = -4*v - 541. Calculate the highest common factor of v and 46.
46
Let v be 2/(-8) - (-19893)/228. Calculate the greatest common factor of 232 and v.
29
Let s be (-9664)/(-112) - (-4)/(-14). Suppose -2*h + s = -152. Calculate the greatest common factor of h and 17.
17
Suppose -f + 29 = 3*z - 309, 4*z - 438 = 5*f. Calculate the highest common factor of z and 16.
16
Suppose -8 = -w - z + 435, -5*w + 3*z + 2207 = 0. Suppose -4*q + w = 5*b, 4*b = -b + 5*q + 460. Calculate the highest common divisor of 18 and b.
18
Let u(m) be the second derivative of -2*m**3/3 + 7*m**2/2 - m. Let f be u(4). Let d = f - -13. Calculate the highest common divisor of 8 and d.
4
Let r = -197 - -221. Let c be -5*r/((-30)/5). Let o = 39 - -21. Calculate the highest common factor of o and c.
20
Suppose 5*h + 2*t - 100 = 28, 4*t - 74 = -3*h. Suppose o - 8 = -q, 5*o - h = -2*q + 2. Calculate the greatest common divisor of q and 16.
4
Let y = -26 - -44. Let v(z) = -z**3 + 10*z + 36. Let q be v(0). What is the greatest common factor of y and q?
18
Let k be (2/7)/(4/140). Let o be 10/4*(1 - 3). Let t = 15 + o. What is the highest common divisor of t and k?
10
Let d(l) = 4*l**3 + 3*l**2 - 2*l + 1. Let h be d(1). Let b be (-268)/(-20)*h + (-4)/10. Let t be 1/(-2) + 17/2. Calculate the highest common divisor of b and t.
8
Let p = -112 - -185. What is the greatest common divisor of 146 and p?
73
Suppose -3*b - 5*g = b + 21, 2*b + 18 = -4*g. Let h be (1/b)/(2/18). Let x(y) = y + 33. Let a be x(-6). Calculate the greatest common factor of a and h.
9
Let d be 81 + 4 + (3 - 5) + 1. Calculate the highest common factor of d and 21.
21
Let w be -1*((1 - 10) + 3). Suppose w*s = 14 + 10. Suppose -5*i = 0, -j - i = -3*i - s. Calculate the greatest common divisor of j and 8.
4
Let r(m) = 73*m + 348. Let i be r(-4). Suppose 2 = y - 6. What is the greatest common factor of i and y?
8
Suppose -299*o + 303*o = 96. Suppose 359 + 217 = 3*s. Calculate the greatest common divisor of o and s.
24
Let x(o) = o**3 + 9*o**2 - 11*o + 7. Let q be x(-10). Let y = q + -11. Let v be (-10)/(-2) + (-4)/(-4). What is the highest common factor of v and y?
6
Let g be 0 + -4 + -1 + -2. Let t(v) = v + 17. Let p be t(0). Let y = p + g. What is the highest common divisor of 2 and y?
2
Let x be (-27)/(-3)*(-3)/(-9). Suppose 32 = x*y + 4*v, 3 = -4*y + 3*v + 29. Calculate the highest common factor of 40 and y.
8
Let i(y) = -17*y + 2. Let g be i(1). Let f = 113 - g. Suppose f = l + 3*l. What is the greatest common factor of 4 and l?
4
Suppose 28*l - 25*l - 561 = 0. Calculate the highest common factor of l and 55.
11
Let r(n) = -n**2 + 16*n + 10. Let x be r(16). Calculate the highest common divisor of x and 290.
10
Let i be (-4)/((-96)/(-126))*(-24)/9. Calculate the highest common divisor of i and 7.
7
Let i = -324 - -325. Calculate the greatest common divisor of 29 and i.
1
Let i = -25 + 25. Let h(y) = -1 + i + y - 2. Let n be h(14). Calculate the greatest common divisor of 22 and n.
11
Let c = -320 + 568. Let z = -16 + 16. Suppose z = 3*x - 43 - 50. What is the highest common divisor of c and x?
31
Let v = -15888 - -16033. Suppose 0 = -2*l - 2, 9 = 5*b - 3*b + l. What is the highest common factor of v and b?
5
Let u = 439 - 320. Calculate the greatest common factor of u and 42.
7
Suppose d = 3*d - 3*s - 17, -3*d = 3*s - 3. Suppose -14*x + 132 = -3*x. Calculate the greatest common divisor of x and d.
4
Suppose -2*i - 4*x + 306 = 0, 3*i - 4*x = 7*i - 596. Calculate the highest common factor of 20 and i.
5
Let m = 15 + -36. Let n = m + 53. Suppose 10 + n = p. What is the greatest common divisor of 6 and p?
6
Let x = -194 - -201. Calculate the greatest common factor of x and 119.
7
Suppose -11*i + 83 = -522. Calculate the highest common divisor of i and 11.
11
Let s(k) = -591*k - 103. Let r be s(-3). Calculate the highest common divisor of 10 and r.
10
Suppose -3*u = -0*l - 3*l + 276, 4*l - 3*u - 371 = 0. Let s = 2 - -2. Let m(b) = 6*b - 5. Let p be m(s). Calculate the greatest common factor of l and p.
19
Suppose 4*g + 2*s = 1622, 3*g - s - 2*s = 1239. Suppose 2*o = 5*h - g - 523, 4*h - 3*o - 742 = 0. Calculate the highest common divisor of 17 and h.
17
Suppose -2*v - 25 = -3*k, -5*k + 5*v + 39 = v. Suppose -5*t + 0*t - k = -u, 1 = -t. Calculate the highest common factor of u and 8.
2
Let k = -28 + 9. Let t = k + 38. Calculate the greatest common factor of t and 133.
19
Let b(y) = -y**3 + 6*y**2 + 5*y + 19. Let n be b(7). Suppose 23 = 4*h + 4*p - 41, 2*h - 56 = 4*p. Calculate the greatest common factor of h and n.
5
Suppose 4*a + 0*a - 100 = 0. Suppose -z + a = -0*z. What is the greatest common divisor of z and 10?
5
Let w be 276057/63 + 5/35. Calculate the greatest common factor of w and 14.
14
Suppose 4*f = 3*f + 140. Let x be 133/(-63)*2 + 4/18. Let q(v) = v**2 - 4*v - 4. Let u be q(x). What is the greatest common factor of f and u?
28
Suppose -29*s = -12*s - 2465. What is the highest common divisor of s and 4495?
145
Let y be 2093/(-52)*(2 + -6). Calculate the greatest common factor of 92 and y.
23
Suppose 2*m + 3 = 1. Let h be m/(